 factor of i and l?
13
Let f = 71 + -60. What is the highest common factor of f and 187?
11
Let g be 22/((1 - 2) + 3). Calculate the highest common factor of g and 11.
11
Let g(m) = -7 - 2*m**2 + 0*m**3 + m**3 + 0*m**3 - 3*m. Let s be g(5). Suppose -s = 5*w - 263. What is the greatest common factor of 14 and w?
14
Let c = 59 + -57. What is the greatest common factor of c and 5?
1
Let m = -200 - -308. Calculate the highest common factor of 27 and m.
27
Suppose -5*z = a - 51, 6*a = 5*z + 3*a - 67. Let q(t) = -t**3 + 11*t**2 + 2*t - 4. Let u be q(z). Calculate the highest common factor of 198 and u.
18
Suppose h - 6*h = -280. Let p be (3 - 2)*4 + h. Suppose -4*t + 0*t = 3*d - 151, -t = -3*d - 49. Calculate the highest common divisor of t and p.
20
Suppose 6*i + 20 = 5*m + 2*i, m - i = 4. Suppose -w = 2*w + u + 94, -3*w - 119 = -m*u. Let l = w - -110. Calculate the greatest common factor of 7 and l.
7
Suppose 48 = 70*b - 66*b. Calculate the greatest common divisor of 12 and b.
12
Let p = -219 + 307. What is the greatest common divisor of 8 and p?
8
Let x be (-429)/(0 - 3) + -3. What is the greatest common divisor of 14 and x?
14
Let t be ((-4)/(-6))/((-4)/(-12)). Let o(c) = -t + 26*c - 8*c + 13*c. Let f be o(2). What is the highest common divisor of 12 and f?
12
Let o = 26 + -14. Let l(c) = -528*c**3. Let x be l(-1). Suppose t + x = 5*t. Calculate the highest common divisor of t and o.
12
Let f = -31 - -41. What is the highest common divisor of 90 and f?
10
Let d be (-2 - 0)*(-2 - -1). Suppose d*g - 32 = 3*t - 2*g, 4*t + 53 = -5*g. Let h be (10/(-3))/(2/t). Calculate the greatest common factor of 30 and h.
10
Suppose 5*p - 156 = k, 0 = p - 2*p + k + 28. Let l = -3 - -7. Suppose 0 = -5*m + l*m + 8. What is the highest common divisor of m and p?
8
Let q be ((-2)/(-5))/(1/5). Suppose 30 = q*y + y. What is the highest common factor of y and 70?
10
Let n = -73 + 203. Suppose -4*y = 3*i - 202, -4*i + 6*i = -3*y + 152. Calculate the greatest common divisor of y and n.
26
Suppose 4*c = -c - 105. Let j = c + 31. What is the greatest common divisor of j and 20?
10
Suppose 0 = -4*g + 3*h + 709, 0 = -g - h + 2*h + 177. Let q = 251 - g. Let j = q + 103. Calculate the highest common factor of 16 and j.
16
Suppose -7*c + 4*a + 200 = -2*c, 2*c = -3*a + 57. What is the highest common divisor of 72 and c?
36
Let n = -7 - 3. Let c be (-34)/n + 2/(-5). What is the highest common factor of 1 and c?
1
Let r(a) = a**2 + a - 1. Let q be r(2). Suppose q*v - 50 = 3*v. Let b be 10/v - 373/(-5). What is the highest common divisor of b and 30?
15
Let b = 12 + -8. Let m be b/18 + (-7)/(-9). Suppose -5*p + 1 = -44. Calculate the highest common divisor of m and p.
1
Let w(g) = g**2 - 5*g - 3. Let o be w(6). Let p be (1 - o)/2 - -9. Let x = 16 + p. What is the highest common factor of x and 36?
12
Let f(k) be the first derivative of k**3/3 + k**2/2 - 8*k - 1. Let b be f(7). What is the highest common divisor of 12 and b?
12
Suppose 3*o = 34973 + 25147. Let k be o/130 + 2/(-13). Suppose y + 4*y - 108 = -d, 0 = -2*y + 4*d + 52. What is the greatest common divisor of k and y?
22
Suppose -l + 5*h + 251 = 2*l, -h = 2*l - 150. Calculate the greatest common factor of 22 and l.
11
Suppose w + 3*o = 5*w - 70, 0 = 2*o + 4. What is the highest common factor of w and 64?
16
Let r = 23 - 14. Let w be ((-6)/(-7))/(-3) + 508/14. Calculate the greatest common divisor of r and w.
9
Suppose 3*v - 4 = v. Suppose 5*l - 2*l - 54 = 0. What is the highest common divisor of v and l?
2
Let s(j) = -3*j**3 - j**2 - 3*j - 4. Let z be s(-2). Calculate the highest common divisor of 55 and z.
11
Let r(t) = 5*t - 59. Let i be r(19). Calculate the greatest common factor of i and 54.
18
Let j(x) = -x**3 + 7*x**2 - 5*x - 4. Let t be j(6). Suppose -k + 0*k = g + t, -g - 14 = -3*k. Let l = g + 11. What is the greatest common divisor of l and 2?
2
Suppose -2*p = -8*p + 672. Let w = 26 + -10. What is the highest common factor of p and w?
16
Let r = -13 + 25. Suppose -3*g + 5*u + 55 = -40, 3*g - 4*u - 100 = 0. Let c = g + -28. What is the highest common factor of c and r?
12
Let z = -2 + 7. Suppose -4*w + 5*f + 65 = 0, 3*f - 70 = -z*w - 2*f. Calculate the highest common divisor of 45 and w.
15
Let i(w) = -4*w + 2 - 1 + 2. Let k be (-1 + -2)*(-1 + 2). Let y be i(k). What is the greatest common divisor of 5 and y?
5
Suppose 19*c - 462 = 12*c. Calculate the highest common factor of c and 44.
22
Suppose -3*i - 2*t - 1 = -3, -5*i + t = -25. Let x(q) = -2*q**3 + 2*q**2 - q. Let k be x(1). Let o = i - k. Calculate the greatest common factor of 10 and o.
5
Let x be 6/(-2) + (6/2 - -2). What is the highest common divisor of 6 and x?
2
Let w be (-2)/10 - (-722)/10. Let h(d) = d - 3. Let j be h(3). Suppose j = 2*t - 5*o - 1, -o - 37 = -t - 4*t. What is the highest common factor of t and w?
8
Let b = -122 + 136. What is the greatest common divisor of b and 6?
2
Let p be 189/27 + -2 + -1. Let r be (-1)/2*2*-1. What is the greatest common divisor of p and r?
1
Let o = 0 - -11. Calculate the greatest common divisor of 88 and o.
11
Let z = -174 + 735. Calculate the greatest common divisor of z and 51.
51
Suppose -3*r = 2*i - i - 56, 5*i - 3*r - 190 = 0. Let v = i + -11. Calculate the greatest common factor of v and 12.
6
Let g be (-5)/5 - 2 - -63. Calculate the greatest common divisor of g and 12.
12
Let p = -27 + 44. Suppose 0 = -3*f - 0*f. Suppose 0 = -2*g - k - f*k + 102, -3*k = 0. Calculate the greatest common factor of p and g.
17
Let s = 34 + -33. Calculate the highest common factor of 1 and s.
1
Suppose c - 2*p - 59 = -21, -3*c + 5*p = -119. Let x = -7 - -23. What is the highest common factor of c and x?
16
Suppose 0 = 4*s - 2*s - 4. Suppose -5*j + 459 - 37 = s*a, -2*j = a - 169. What is the greatest common factor of j and 12?
12
Suppose 3*w - 5*g = -5, 10*w = 11*w + 2*g - 13. Suppose 4*b - 21 = -r, 3*b - 6*b + 2*r + 13 = 0. Calculate the greatest common factor of w and b.
5
Suppose 3*i - 117 = 171. Calculate the greatest common factor of i and 32.
32
Let r be (0 - -2)*3/2. Let x be -12*((-10)/(-24) + (-2)/3). What is the highest common factor of x and r?
3
Let b be ((-1001)/(-21) - 2) + 2/(-3). What is the highest common factor of 45 and b?
45
Let y = -91 - 116. Suppose 19 = p - 284. Let q = p + y. What is the greatest common divisor of q and 12?
12
Suppose -5*g = -3*g - 32. Let b be (-2)/(g/(-10))*52. What is the highest common divisor of b and 26?
13
Let j be ((-2 - -3) + -2)*(-122 + -2). Calculate the highest common divisor of 31 and j.
31
Suppose 0 = -2*b + 8*b - 42. Calculate the greatest common factor of b and 14.
7
Suppose -3*q = 1 - 91. What is the highest common divisor of 3 and q?
3
Let r(a) = 64*a**3 - 2*a**2 + 2*a. Let i be r(1). Calculate the greatest common divisor of i and 96.
32
Suppose -565 = -3*m - 151. Suppose m = 4*t + 2*t. Let v = -225 - -317. What is the highest common factor of t and v?
23
Let x(o) = 3*o**2 - 3*o. Let c be x(-1). What is the highest common factor of c and 27?
3
Suppose -4 - 14 = 3*w. Let l = -6 - -6. Let r be 66/(-4)*(l + w). Calculate the highest common divisor of 11 and r.
11
Let n(z) = -18*z - 8. Let i be n(-2). What is the greatest common divisor of 7 and i?
7
Let n be 2/2*-1 + 5. Let o = 6 - 6. Suppose -2*h - 3*h + 20 = o. What is the highest common factor of n and h?
4
Suppose -o + 2*o - 2 = 5*j, -5*j + 14 = -3*o. Let w(c) = 2*c**2 - 2*c - 12. Let m be w(o). Let d = -2 - -14. Calculate the greatest common factor of d and m.
12
Let y(s) = -2*s - 2. Let r be y(-6). What is the greatest common divisor of 15 and r?
5
Let g(u) = 5*u - 6. Let v be g(6). Calculate the greatest common factor of v and 264.
24
Suppose -71*g + 344 = -67*g. Calculate the highest common divisor of 43 and g.
43
Let i(u) = -u**3 + 9*u**2 - 5*u + 16. Let o be i(8). What is the greatest common factor of o and 5?
5
Suppose 4*s - 281 = -b, -4*s - 352 = -3*b + 555. Calculate the greatest common factor of b and 33.
33
Let s be 24/5 + (-1)/(-5). Calculate the highest common divisor of 15 and s.
5
Let k = 128 + -244. Let g = k - -192. Suppose g = 4*l - 4. What is the highest common divisor of l and 30?
10
Suppose 2*v + 5*a = a - 20, -3*a = v + 12. Let j = -4 - v. Let i be 3/(-4)*(1 - 25). Calculate the greatest comm